0441 (base 7) to base 9
-3833626
Convert -100131 (base 5) to base 4.
-301132
What is -10000211122012 (base 3) in base 10?
-1610825
What is -23362641 (base 7) in base 9?
-3787750
Convert -14746485 (base 9) to base 13.
-16a5b59
15250 (base 15) to base 7
402216
Convert 588480 (base 9) to base 4.
1112122221
Convert 23003105 (base 6) to base 7.
5645234
What is -a05a4 (base 11) in base 6?
-3053053
Convert 4472b6 (base 13) to base 10.
1615282
What is -386106 (base 9) in base 6?
-5003440
-122012222201 (base 3) to base 15
-6a687
What is 274755 (base 10) in base 14?
721b5
What is -85e3d (base 15) in base 11?
-27040a
Convert -51cba (base 14) to base 5.
-22303330
What is 1011111000101110110 (base 2) in base 14?
a1d30
What is 9509a (base 11) in base 7?
1114613
Convert 12785a4 (base 11) to base 13.
5c3a30
-422a9 (base 12) to base 3
-11102002110
-21112120133 (base 4) to base 13
-67a7a7
6757145 (base 9) to base 2
1101111000101011010011
-10211215 (base 7) to base 5
-210010021
What is 52c26 (base 13) in base 8?
443413
Convert -313023230223 (base 4) to base 10.
-14465835
-17716b3 (base 12) to base 15
-6649ac
Convert 16925c9 (base 13) to base 9.
14682052
Convert 4133251 (base 7) to base 8.
1710231
Convert 1660 (base 11) to base 7.
6122
What is -1135212012 (base 6) in base 11?
-7285727
Convert -2039c9 (base 15) to base 14.
-2bbd97
84567 (base 11) to base 13
44077
Convert 8968936 (base 11) to base 3.
1002120201221100
102021200121111 (base 3) to base 12
2012727
439620 (base 10) to base 6
13231140
Convert -112100102200112 (base 3) to base 4.
-131011301300
What is 55781 (base 12) in base 4?
123230101
Convert -34d705 (base 15) to base 9.
-4670115
Convert 112040041 (base 6) to base 9.
3776127
Convert 72b41 (base 13) to base 8.
622631
Convert -10ec9d (base 15) to base 13.
-2245a2
What is -297c4b5 (base 14) in base 9?
-42011267
22102401 (base 5) to base 3
100200222012
What is -420411510 (base 6) in base 5?
-3332424023
-130423045 (base 6) to base 8
-11573705
Convert -110100011000010111 (base 2) to base 16.
-34617
What is 522fc (base 16) in base 9?
562700
Convert 3321b (base 14) to base 16.
1e3f9
Convert 1437 (base 16) to base 9.
7080
-13f06f (base 16) to base 7
-14051503
What is 61036 (base 9) in base 12?
1b280
What is 1c944 (base 13) in base 3?
2212111200
Convert 165d5 (base 14) to base 7.
322255
Convert 103568 (base 14) to base 2.
10000101100100111000
11101011101011001000 (base 2) to base 6
32405024
What is 2685130 (base 10) in base 13?
730246
What is 1001010011101001001111 (base 2) in base 11?
1417033
Convert 375171 (base 9) to base 10.
226864
Convert -66a57 (base 14) to base 15.
-4db9c
What is 2002110221 (base 3) in base 4?
22003111
What is -112430111 (base 5) in base 4?
-1331211212
-33b8c (base 15) to base 14
-43db9
-142659 (base 12) to base 7
-2600034
Convert 646800 (base 10) to base 16.
9de90
What is -465481 (base 9) in base 4?
-1010100310
-2997834 (base 10) to base 13
-80c688
What is 964b (base 16) in base 2?
1001011001001011
What is -1102001021 (base 3) in base 9?
-42037
What is 2593836 (base 10) in base 14?
4b73c0
5378 (base 10) to base 16
1502
Convert 1070007 (base 8) to base 15.
5b283
Convert -202020012102 (base 3) to base 9.
-666172
Convert abb7b (base 12) to base 6.
4515435
Convert 6764044 (base 11) to base 8.
55150325
What is 455410112 (base 6) in base 5?
4121240433
Convert -175656 (base 14) to base 7.
-6661436
Convert -33311010 (base 4) to base 16.
-fd44
What is 23515662 (base 8) in base 15?
6bb646
What is b39758 (base 13) in base 6?
225454251
What is -121211011 (base 3) in base 2?
-10111111100110
What is -22242203 (base 5) in base 7?
-1446020
What is -110101004 (base 5) in base 12?
-1a9198
What is 30202032 (base 5) in base 16?
3acfc
Convert -6a86a (base 14) to base 6.
-5321502
What is 11203402200 (base 5) in base 12?
42583b7
What is -20121011002 (base 3) in base 4?
-133231100
What is 10111110000000011000 (base 2) in base 16?
be018
What is 11206316 (base 7) in base 16?
ee880
-212301000 (base 5) to base 2
-11011011110000011101
What is 14114211 (base 5) in base 7?
1142353
d83a1 (base 16) to base 11
555460
What is 11011100010100001010110 (base 2) in base 15?
9790ab
101101101001001001000 (base 2) to base 8
5551110
-30755 (base 10) to base 14
-b2cb
Convert 3b322 (base 13) to base 10.
110385
Convert 1310120 (base 5) to base 11.
18308
Convert 375060 (base 8) to base 9.
216672
Convert 10101001110100001 (base 2) to base 16.
153a1
Convert -c3c550 (base 13) to base 3.
-22121002202201
-1111001010110110 (base 2) to base 3
-10011020021
What is 201435123 (base 7) in base 15?
1068943
Convert -1443432224 (base 5) to base 11.
-2217421
What is 315626 (base 11) in base 16?
7b573
What is -420723 (base 10) in base 7?
-3401412
Convert -367 (base 10) to base 3.
-111121
124919 (base 13) to base 12
191aa2
What is -113220 (base 14) in base 8?
-2166274
What is 60842 (base 10) in base 12?
2b262
-343422303 (base 5) to base 10
-1545328
What is -443204455 (base 6) in base 5?
-4021313041
Convert 356921 (base 10) to base 11.
224184
Convert 59a07 (base 13) to base 8.
500663
aba6 (base 12) to base 6
223530
1545404 (base 11) to base 5
1134030043
-7259 (base 13) to base 4
-3312233
-659871 (base 10) to base 4
-2201012133
What is 1112411 (base 9) in base 2?
10010010001100111011
What is -1680655 (base 10) in base 3?
-10011101102111
What is 1433285 (base 9) in base 13?
218609
6274115 (base 10) to base 15
83dee5
2453b6 (base 16) to base 14
45d87c
-714773 (base 8) to base 13
-8357c
Convert -11100000111000111100111 (base 2) to base 11.
-4183645
What is 630200 (base 7) in base 11?
74282
Convert 243040 (base 7) to base 11.
302a0
-2787433 (base 11) to base 10
-4797444
1010210122 (base 4) to base 8
1044432
What is 1050580 (base 9) in base 3?
1001200122200
-24110223 (base 5) to base 8
-662543
-1334358 (base 9) to base 8
-2624533
Convert -2b8da1 (base 16) to base 12.
-b57969
What is -205241 (base 8) in base 16?
-10aa1
b6b0ab (base 12) to base 16
2bf4c3
Convert 45a122 (base 11) to base 6.
23355344
2116666 (base 7) to base 11
166021
Convert -6571342 (base 9) to base 6.
-203402232
400373 (base 8) to base 9
220124
What is 3a3b6 (base 12) in base 7?
452256
-12542520 (base 6) to base 9
-706263
What is -2ac96 (base 16) in base 2?
-101010110010010110
What is 1cb08 (base 15) in base 9?
152358
Convert -270be (base 15) to base 12.
-60452
3a706 (base 15) to base 8
555506
661d05 (base 15) to base 4
102210010001
-63bdd8 (base 16) to base 13
-147b364
-539b3 (base 13) to base 8
-447027
What is 105c9c1 (base 14) in base 7?
122633431
Convert -1203312 (base 9) to base 2.
-10011111001011001100
Convert 5b6a0 (base 14) to base 3.
102100200202
What is 4143443040 (base 5) in base 11?
4929777
What is 1c0220 (base 15) in base 3?
2120110122210
What is 1701198 (base 10) in base 16?
19f54e
6566032 (base 7) to base 6
25141224
12164441 (base 7) to base 9
2043415
Convert -1878a (base 11) to base 8.
-63172
135561460 (base 7) to base 14
12839d7
What is -12222202102 (base 3) in base 10?
-117920
Convert -5416452 (base 9) to base 10.
-2904707
11320206 (base 7) to base 15
14a3e9
10000110001100000011 (base 2) to base 12
2260ab
Convert -110001010001111100000 (base 2) to base 9.
-3031100
15a58a (base 11) to base 9
417504
-11111020011020 (base 3) to base 14
-46181d
Convert -2144453 (base 6) to base 9.
-173176
Convert 110110000010111101111 (base 2) to base 8.
6602757
What is 1754ce (base 16) in base 14?
2bb330
-2821 (base 9) to base 11
-1662
What is 1362672 (base 9) in base 6?
24024015
1020120222220 (base 3) to base 5
132124300
What is -48402b (base 12) in base 15?
-1811c8
Convert -21566054 (base 7) to base 16.
-1c7639
Convert -43420122 (base 5) to base 10.
-373162
11d3e (base 15) to base 6
1115452
Convert -4051947 (base 12) to base 4.
-231332010013
Convert 100112122221 (base 3) to base 15.
3a9c7
What is -102111120120111 (base 3) in base 13?
-1360612
Convert -50d24e (base 16) to base 7.
-63010220
Convert 12110002 (base 4) to base 11.
18478
What is -1368765 (base 9) in base 8?
-2701354
Convert -2430348 (base 11) to base 15.
-588c5e
What is 2112313331 (base 4) in base 3?
1011101201012
Convert 103425313 (base 6) to base 2.
111000100110000001101
-46122 (base 11) to base 9
-111435
Convert 76998 (base 12) to base 16.
26504
27084a7 (base 11) to base 1